{"id":232,"date":"2011-09-11T01:32:48","date_gmt":"2011-09-11T00:32:48","guid":{"rendered":"http:\/\/www.senecacf.net\/?page_id=232"},"modified":"2011-11-15T17:54:38","modified_gmt":"2011-11-15T16:54:38","slug":"el-rincon-de-manolin-cuesta","status":"publish","type":"page","link":"https:\/\/www.senecacf.net\/senecacfnet\/el-rincon-de-manolin-cuesta\/","title":{"rendered":"El rinc\u00f3n de Manolin Cuesta"},"content":{"rendered":"\n\t\t<style type=\"text\/css\">\n\t\t\t#gallery-1 {\n\t\t\t\tmargin: auto;\n\t\t\t}\n\t\t\t#gallery-1 .gallery-item {\n\t\t\t\tfloat: left;\n\t\t\t\tmargin-top: 10px;\n\t\t\t\ttext-align: center;\n\t\t\t\twidth: 25%;\n\t\t\t}\n\t\t\t#gallery-1 img {\n\t\t\t\tborder: 2px solid #cfcfcf;\n\t\t\t}\n\t\t\t#gallery-1 .gallery-caption {\n\t\t\t\tmargin-left: 0;\n\t\t\t}\n\t\t\t\/* see gallery_shortcode() in wp-includes\/media.php *\/\n\t\t<\/style>\n\t\t<div id='gallery-1' class='gallery galleryid-232 gallery-columns-4 gallery-size-thumbnail'><dl class='gallery-item'>\n\t\t\t<dt class='gallery-icon portrait'>\n\t\t\t\t<a href='https:\/\/www.senecacf.net\/senecacfnet\/el-rincon-de-manolin-cuesta\/manolin-espanyol-3\/'><img loading=\"lazy\" decoding=\"async\" width=\"150\" height=\"150\" src=\"https:\/\/www.senecacf.net\/senecacfnet\/wp-content\/uploads\/2011\/09\/manolin-espanyol2-150x150.jpg\" class=\"attachment-thumbnail size-thumbnail\" alt=\"\" srcset=\"https:\/\/www.senecacf.net\/senecacfnet\/wp-content\/uploads\/2011\/09\/manolin-espanyol2-150x150.jpg 150w, https:\/\/www.senecacf.net\/senecacfnet\/wp-content\/uploads\/2011\/09\/manolin-espanyol2-300x300.jpg 300w, https:\/\/www.senecacf.net\/senecacfnet\/wp-content\/uploads\/2011\/09\/manolin-espanyol2-100x100.jpg 100w\" sizes=\"(max-width: 150px) 100vw, 150px\" \/><\/a>\n\t\t\t<\/dt><\/dl><dl class='gallery-item'>\n\t\t\t<dt class='gallery-icon portrait'>\n\t\t\t\t<a href='https:\/\/www.senecacf.net\/senecacfnet\/el-rincon-de-manolin-cuesta\/manolo-cuesta-seleccion\/'><img loading=\"lazy\" decoding=\"async\" width=\"150\" height=\"150\" src=\"https:\/\/www.senecacf.net\/senecacfnet\/wp-content\/uploads\/2011\/09\/Manolo-Cuesta-seleccion-150x150.jpg\" class=\"attachment-thumbnail size-thumbnail\" alt=\"\" srcset=\"https:\/\/www.senecacf.net\/senecacfnet\/wp-content\/uploads\/2011\/09\/Manolo-Cuesta-seleccion-150x150.jpg 150w, https:\/\/www.senecacf.net\/senecacfnet\/wp-content\/uploads\/2011\/09\/Manolo-Cuesta-seleccion-300x300.jpg 300w, https:\/\/www.senecacf.net\/senecacfnet\/wp-content\/uploads\/2011\/09\/Manolo-Cuesta-seleccion-100x100.jpg 100w\" sizes=\"(max-width: 150px) 100vw, 150px\" \/><\/a>\n\t\t\t<\/dt><\/dl><dl class='gallery-item'>\n\t\t\t<dt class='gallery-icon portrait'>\n\t\t\t\t<a href='https:\/\/www.senecacf.net\/senecacfnet\/el-rincon-de-manolin-cuesta\/manitaalbarca\/'><img loading=\"lazy\" decoding=\"async\" width=\"150\" height=\"150\" src=\"https:\/\/www.senecacf.net\/senecacfnet\/wp-content\/uploads\/2011\/09\/manitaalbarca-150x150.jpg\" class=\"attachment-thumbnail size-thumbnail\" alt=\"\" srcset=\"https:\/\/www.senecacf.net\/senecacfnet\/wp-content\/uploads\/2011\/09\/manitaalbarca-150x150.jpg 150w, https:\/\/www.senecacf.net\/senecacfnet\/wp-content\/uploads\/2011\/09\/manitaalbarca-100x100.jpg 100w\" sizes=\"(max-width: 150px) 100vw, 150px\" \/><\/a>\n\t\t\t<\/dt><\/dl><dl class='gallery-item'>\n\t\t\t<dt class='gallery-icon portrait'>\n\t\t\t\t<a href='https:\/\/www.senecacf.net\/senecacfnet\/el-rincon-de-manolin-cuesta\/n_cordoba_cf_jugadores_del_cordoba_cf-181841\/'><img loading=\"lazy\" decoding=\"async\" width=\"150\" height=\"150\" src=\"https:\/\/www.senecacf.net\/senecacfnet\/wp-content\/uploads\/2011\/09\/n_cordoba_cf_jugadores_del_cordoba_cf-181841-e1321374976632-150x150.jpg\" class=\"attachment-thumbnail size-thumbnail\" alt=\"\" srcset=\"https:\/\/www.senecacf.net\/senecacfnet\/wp-content\/uploads\/2011\/09\/n_cordoba_cf_jugadores_del_cordoba_cf-181841-e1321374976632-150x150.jpg 150w, https:\/\/www.senecacf.net\/senecacfnet\/wp-content\/uploads\/2011\/09\/n_cordoba_cf_jugadores_del_cordoba_cf-181841-e1321374976632-300x300.jpeg 300w, https:\/\/www.senecacf.net\/senecacfnet\/wp-content\/uploads\/2011\/09\/n_cordoba_cf_jugadores_del_cordoba_cf-181841-e1321374976632-100x100.jpeg 100w\" sizes=\"(max-width: 150px) 100vw, 150px\" \/><\/a>\n\t\t\t<\/dt><\/dl><br style=\"clear: both\" \/>\n\t\t<\/div>\n\n<p>Extremo diestro \u00a0que exhibi\u00f3 un excelente nivel en las filas blanquiazules. Lleg\u00f3 al club en el a\u00f1o 1974 y coincidi\u00f3 en una etapa que se particip\u00f3 en Europa en la temporada 1976-77.<\/p>\n<p>Fue el complemento ideal de la estrella espanyolista Dani Solsona, \u00a0adem\u00e1s ve\u00eda puerta con mucha facilidad.<\/p>\n<p>Dej\u00f3 el club en 1980 tras estar\u00a06 temporadas en el club espanyolista. Como no, hay que recordar su memorable partido en la 74\/75 frente al Barcelona en Sarri\u00e0, donde los blanquiazules golearon al eterno rival por 5 a 2, con 2 tantos de Manolin Cuesta, que junto a Amiano destrozaron la zaga azulgrana.<\/p>\n<p><strong>PARTIDOS DE LIGA<\/strong><\/p>\n<table width=\"418\" border=\"0\" cellspacing=\"0\" cellpadding=\"0\">\n<tbody>\n<tr>\n<td width=\"118\" height=\"17\"><strong>M. CUESTA<\/strong><\/td>\n<td width=\"48\"><strong>PJ<\/strong><\/td>\n<td width=\"48\"><strong>PC<\/strong><\/td>\n<td width=\"48\"><strong>PT<\/strong><\/td>\n<td width=\"48\"><strong>PS<\/strong><\/td>\n<td width=\"48\"><strong>MIN<\/strong><\/td>\n<td width=\"60\"><strong>GOLES<\/strong><\/td>\n<\/tr>\n<tr>\n<td height=\"17\"><strong>\u00a0\u00a074\/75<\/strong><\/td>\n<td width=\"48\">34<\/td>\n<td width=\"48\">31<\/td>\n<td width=\"48\">34<\/td>\n<td width=\"48\">0<\/td>\n<td width=\"48\">2.988<\/td>\n<td width=\"60\">9<\/td>\n<\/tr>\n<tr>\n<td height=\"17\"><strong>\u00a0 75\/76<\/strong><\/td>\n<td width=\"48\">31<\/td>\n<td width=\"48\">21<\/td>\n<td width=\"48\">30<\/td>\n<td width=\"48\">1<\/td>\n<td width=\"48\">2.433<\/td>\n<td width=\"60\">8<\/td>\n<\/tr>\n<tr>\n<td height=\"17\"><strong>\u00a0\u00a076\/77<\/strong><\/td>\n<td width=\"48\">23<\/td>\n<td width=\"48\">15<\/td>\n<td width=\"48\">18<\/td>\n<td width=\"48\">5<\/td>\n<td width=\"48\">1.608<\/td>\n<td width=\"60\">5<\/td>\n<\/tr>\n<tr>\n<td height=\"17\"><strong>\u00a0\u00a077\/78<\/strong><\/td>\n<td width=\"48\">28<\/td>\n<td width=\"48\">21<\/td>\n<td width=\"48\">26<\/td>\n<td width=\"48\">2<\/td>\n<td width=\"48\">2.229<\/td>\n<td width=\"60\">6<\/td>\n<\/tr>\n<tr>\n<td height=\"17\"><strong>\u00a0 78\/79<\/strong><\/td>\n<td width=\"48\">5<\/td>\n<td width=\"48\">1<\/td>\n<td width=\"48\">2<\/td>\n<td width=\"48\">3<\/td>\n<td width=\"48\">208<\/td>\n<td width=\"60\">0<\/td>\n<\/tr>\n<tr>\n<td height=\"18\"><strong>\u00a0 79\/80<\/strong><\/td>\n<td width=\"48\">10<\/td>\n<td width=\"48\">5<\/td>\n<td width=\"48\">7<\/td>\n<td width=\"48\">3<\/td>\n<td width=\"48\">658<\/td>\n<td width=\"60\">0<\/td>\n<\/tr>\n<tr>\n<td height=\"18\"><strong>TOTAL<\/strong><\/td>\n<td><strong>131<\/strong><\/td>\n<td><strong>94<\/strong><\/td>\n<td><strong>117<\/strong><\/td>\n<td><strong>14<\/strong><\/td>\n<td><strong>10.124<\/strong><\/td>\n<td><strong>28<\/strong><\/td>\n<\/tr>\n<\/tbody>\n<\/table>\n<p><strong>PARTIDOS EN EUROPA\u00a0<\/strong><\/p>\n<table width=\"418\" border=\"0\" cellspacing=\"0\" cellpadding=\"0\">\n<tbody>\n<tr>\n<td width=\"118\" height=\"17\"><strong>M. CUESTA<\/strong><\/td>\n<td width=\"48\"><strong>PJ<\/strong><\/td>\n<td width=\"48\"><strong>PC<\/strong><\/td>\n<td width=\"48\"><strong>PT<\/strong><\/td>\n<td width=\"48\"><strong>PS<\/strong><\/td>\n<td width=\"48\"><strong>MIN<\/strong><\/td>\n<td width=\"60\"><strong>GOLES<\/strong><\/td>\n<\/tr>\n<tr>\n<td height=\"18\"><strong>76\/77<\/strong><\/td>\n<td width=\"48\">6<\/td>\n<td width=\"48\">4<\/td>\n<td width=\"48\">4<\/td>\n<td width=\"48\">2<\/td>\n<td width=\"48\">404<\/td>\n<td width=\"60\">1<\/td>\n<\/tr>\n<tr>\n<td height=\"18\"><strong>TOTAL<\/strong><\/td>\n<td><strong>6<\/strong><\/td>\n<td><strong>4<\/strong><\/td>\n<td><strong>4<\/strong><\/td>\n<td><strong>2<\/strong><\/td>\n<td><strong>404<\/strong><\/td>\n<td><strong><strong>1<\/strong><\/strong><\/td>\n<\/tr>\n<\/tbody>\n<\/table>\n<p style=\"text-align: left;\">El 5 de mayo de 1971, Manol\u00edn Cuesta, en partido\u00a0clasificatorio para la Olimpiada de Munich de 1972, particip\u00f3 con Espa\u00f1a ante Turqu\u00eda, en el estadio El Helm\u00e1ntico de Salamanca. Los espa\u00f1oles lograron una clara victoria (3-0), con dos tantos de Manol\u00edn Cuesta y otro de Santillana.\u00a0En la selecci\u00f3n entrenada por Jos\u00e9 Emilio Santamar\u00eda jugaron: Castro, Fab\u00edan, Pi\u00f1el, Verdugo, Jos\u00e9 Manuel, Bar\u00f3, Solsona, Crispi, Santillana, Planelles, Bosmediano y Manol\u00edn Cuesta.<img decoding=\"async\" title=\"Manol\u00edn Cuesta con la casaca nacional\" src=\"file:\/\/\/C:\/Users\/Usuario\/Desktop\/websenecacf\/FotosPortada\/Manolo-Cuesta-seleccion.jpg\" alt=\"\" hspace=\"2\" vspace=\"2\" \/><\/p>\n<div><span class=\"Apple-style-span\" style=\"color: #5c5c5c; font-family: Verdana, Arial, Helvetica, sans-serif; font-size: 11px; line-height: 14px; background-color: #ffffff;\"><br \/>\n<\/span><\/div>\n","protected":false},"excerpt":{"rendered":"<p>Extremo diestro \u00a0que exhibi\u00f3 un excelente nivel en las filas blanquiazules. Lleg\u00f3 al club en el a\u00f1o 1974 y coincidi\u00f3 en una etapa que se particip\u00f3 en Europa en la temporada 1976-77. Fue el complemento ideal de la estrella espanyolista Dani Solsona, \u00a0adem\u00e1s ve\u00eda puerta con mucha facilidad. Dej\u00f3 el club en 1980 tras estar\u00a06<\/p><\/div>\n<div class=\"blog-btn\"><a href=\"https:\/\/www.senecacf.net\/senecacfnet\/el-rincon-de-manolin-cuesta\/\" class=\"home-blog-btn\">Leer m\u00e1s<\/a><\/p>\n","protected":false},"author":1,"featured_media":0,"parent":0,"menu_order":3,"comment_status":"closed","ping_status":"closed","template":"","meta":{"footnotes":""},"_links":{"self":[{"href":"https:\/\/www.senecacf.net\/senecacfnet\/wp-json\/wp\/v2\/pages\/232"}],"collection":[{"href":"https:\/\/www.senecacf.net\/senecacfnet\/wp-json\/wp\/v2\/pages"}],"about":[{"href":"https:\/\/www.senecacf.net\/senecacfnet\/wp-json\/wp\/v2\/types\/page"}],"author":[{"embeddable":true,"href":"https:\/\/www.senecacf.net\/senecacfnet\/wp-json\/wp\/v2\/users\/1"}],"replies":[{"embeddable":true,"href":"https:\/\/www.senecacf.net\/senecacfnet\/wp-json\/wp\/v2\/comments?post=232"}],"version-history":[{"count":6,"href":"https:\/\/www.senecacf.net\/senecacfnet\/wp-json\/wp\/v2\/pages\/232\/revisions"}],"predecessor-version":[{"id":472,"href":"https:\/\/www.senecacf.net\/senecacfnet\/wp-json\/wp\/v2\/pages\/232\/revisions\/472"}],"wp:attachment":[{"href":"https:\/\/www.senecacf.net\/senecacfnet\/wp-json\/wp\/v2\/media?parent=232"}],"curies":[{"name":"wp","href":"https:\/\/api.w.org\/{rel}","templated":true}]}}