{"id":319,"date":"2011-09-22T01:58:02","date_gmt":"2011-09-22T00:58:02","guid":{"rendered":"http:\/\/www.senecacf.net\/?page_id=319"},"modified":"2015-06-28T17:51:12","modified_gmt":"2015-06-28T15:51:12","slug":"rafael-clavero-prados","status":"publish","type":"page","link":"https:\/\/www.senecacf.net\/senecacfnet\/el-rincon-de-manolin-cuesta\/con-pasado-rojinegro\/rafael-clavero-prados\/","title":{"rendered":"Rafael Clavero Prados"},"content":{"rendered":"<p><a href=\"https:\/\/www.senecacf.net\/senecacfnet\/wp-content\/uploads\/2011\/09\/clavero_33b24b7f.jpg\"><img loading=\"lazy\" decoding=\"async\" class=\"aligncenter size-thumbnail wp-image-320\" title=\"_clavero_33b24b7f\" src=\"https:\/\/www.senecacf.net\/senecacfnet\/wp-content\/uploads\/2011\/09\/clavero_33b24b7f-150x150.jpg\" alt=\"\" width=\"150\" height=\"150\" srcset=\"https:\/\/www.senecacf.net\/senecacfnet\/wp-content\/uploads\/2011\/09\/clavero_33b24b7f-150x150.jpg 150w, https:\/\/www.senecacf.net\/senecacfnet\/wp-content\/uploads\/2011\/09\/clavero_33b24b7f-300x300.jpg 300w, https:\/\/www.senecacf.net\/senecacfnet\/wp-content\/uploads\/2011\/09\/clavero_33b24b7f-100x100.jpg 100w\" sizes=\"(max-width: 150px) 100vw, 150px\" \/><\/a><\/p>\n<p><strong>Rafael Clavero Prados<\/strong>\u00a0(C\u00f3rdoba,\u00a0Espa\u00f1a,\u00a010 de enero\u00a0de\u00a01977), futbolista\u00a0espa\u00f1ol. Mide 1,75 m y pesa 67\u00a0kg, su demarcaci\u00f3n es de lateral izquierdo y actualmente juega en la S. D. Huesca de la liga Adelante.<\/p>\n<p>Se form\u00f3 en las categor\u00edas inferiores del\u00a0Seneca C.F. Es un jugador con una amplia trayectoria dentro del futbol profesional, tras haber pasado por numerosos equipos. Su amplia experiencia tanto en Primera como en Segunda Division ha hecho que sea un jugador enormemente importante en los equipos por los que ha pasado.<\/p>\n<p>Ha logrado varios ascensos a\u00a0Primera Divisi\u00f3n\u00a0a lo largo de su carrera. Su trayectoria en Primera Division se centra principalmente en el\u00a0CA Osasuna\u00a0con el que jug\u00f3 la final de la Copa del Rey y con el que se clasific\u00f3 para la liga de Campeones de la Uefa.<\/p>\n<p>Al termino de la temporada 2008-2009 y tras ascender a Primera con el\u00a0CD Tenerife, ficha por el\u00a0FC Cartagena, equipo de la\u00a0Segunda Divisioncon el que en la temporada 2009\/2010 roza de nuevo el ascenso a\u00a0Primera Divisi\u00f3n.<\/p>\n<p>Tras la temporada 2010\/2011 el equipo decidio no renovarle y ficho por la S. D. Huesca.<\/p>\n<p><!--more-->Trayectoria:<\/p>\n<table border=\"1\" cellspacing=\"0\" cellpadding=\"3\" align=\"center\" bgcolor=\"#F7F8FF\">\n<tbody>\n<tr align=\"center\">\n<td>Montilla CF<\/td>\n<td>Espa\u00f1a<\/td>\n<td>1995-1998<\/td>\n<\/tr>\n<tr align=\"center\">\n<td>UD M\u00e9rida<\/td>\n<td>Espa\u00f1a<\/td>\n<td>1998-2000<\/td>\n<\/tr>\n<tr align=\"center\">\n<td>Real Madrid C<\/td>\n<td>Espa\u00f1a<\/td>\n<td>1999-2000<\/td>\n<\/tr>\n<tr align=\"center\">\n<td>CD Numancia<\/td>\n<td>Espa\u00f1a<\/td>\n<td>2000-2001<\/td>\n<\/tr>\n<tr align=\"center\">\n<td>Real Murcia<\/td>\n<td>Espa\u00f1a<\/td>\n<td>2001-2004<\/td>\n<\/tr>\n<tr align=\"center\">\n<td>CA Osasuna<\/td>\n<td>Espa\u00f1a<\/td>\n<td>2004-2006<\/td>\n<\/tr>\n<tr align=\"center\">\n<td>CD Tenerife<\/td>\n<td>Espa\u00f1a<\/td>\n<td>2006-2009<\/td>\n<\/tr>\n<tr align=\"center\">\n<td>FC Cartagena<\/td>\n<td>Espa\u00f1a<\/td>\n<td>2009-\u00a02011<\/td>\n<\/tr>\n<tr align=\"center\">\n<td>S. D. Huesca<\/td>\n<td>Espa\u00f1a<\/td>\n<td>2011-2012<\/td>\n<\/tr>\n<\/tbody>\n<\/table>\n","protected":false},"excerpt":{"rendered":"<p>Rafael Clavero Prados\u00a0(C\u00f3rdoba,\u00a0Espa\u00f1a,\u00a010 de enero\u00a0de\u00a01977), futbolista\u00a0espa\u00f1ol. Mide 1,75 m y pesa 67\u00a0kg, su demarcaci\u00f3n es de lateral izquierdo y actualmente juega en la S. D. Huesca de la liga Adelante. Se form\u00f3 en las categor\u00edas inferiores del\u00a0Seneca C.F. Es un jugador con una amplia trayectoria dentro del futbol profesional, tras haber pasado por numerosos equipos.<\/p><\/div>\n<div class=\"blog-btn\"><a href=\"https:\/\/www.senecacf.net\/senecacfnet\/el-rincon-de-manolin-cuesta\/con-pasado-rojinegro\/rafael-clavero-prados\/\" class=\"home-blog-btn\">Leer m\u00e1s<\/a><\/p>\n","protected":false},"author":1,"featured_media":0,"parent":301,"menu_order":0,"comment_status":"closed","ping_status":"closed","template":"","meta":{"footnotes":""},"_links":{"self":[{"href":"https:\/\/www.senecacf.net\/senecacfnet\/wp-json\/wp\/v2\/pages\/319"}],"collection":[{"href":"https:\/\/www.senecacf.net\/senecacfnet\/wp-json\/wp\/v2\/pages"}],"about":[{"href":"https:\/\/www.senecacf.net\/senecacfnet\/wp-json\/wp\/v2\/types\/page"}],"author":[{"embeddable":true,"href":"https:\/\/www.senecacf.net\/senecacfnet\/wp-json\/wp\/v2\/users\/1"}],"replies":[{"embeddable":true,"href":"https:\/\/www.senecacf.net\/senecacfnet\/wp-json\/wp\/v2\/comments?post=319"}],"version-history":[{"count":6,"href":"https:\/\/www.senecacf.net\/senecacfnet\/wp-json\/wp\/v2\/pages\/319\/revisions"}],"predecessor-version":[{"id":3035,"href":"https:\/\/www.senecacf.net\/senecacfnet\/wp-json\/wp\/v2\/pages\/319\/revisions\/3035"}],"up":[{"embeddable":true,"href":"https:\/\/www.senecacf.net\/senecacfnet\/wp-json\/wp\/v2\/pages\/301"}],"wp:attachment":[{"href":"https:\/\/www.senecacf.net\/senecacfnet\/wp-json\/wp\/v2\/media?parent=319"}],"curies":[{"name":"wp","href":"https:\/\/api.w.org\/{rel}","templated":true}]}}